 remainder when 79550249 is divided by 150.
149
Calculate the remainder when 3700720 is divided by 34586.
18
What is the remainder when 448930 is divided by 41?
21
Calculate the remainder when 361780 is divided by 331.
328
What is the remainder when 81200 is divided by 881?
148
What is the remainder when 246683 is divided by 30810?
203
What is the remainder when 161849491 is divided by 498?
487
Calculate the remainder when 1248820 is divided by 5446.
1686
What is the remainder when 23350087 is divided by 1651?
1645
Calculate the remainder when 2334633 is divided by 197.
183
Calculate the remainder when 124870 is divided by 2118.
2026
What is the remainder when 356215 is divided by 178065?
85
Calculate the remainder when 172447 is divided by 2429.
2417
What is the remainder when 197696241 is divided by 751?
748
Calculate the remainder when 5030851 is divided by 48.
19
Calculate the remainder when 89458 is divided by 22121.
974
What is the remainder when 3427194 is divided by 33?
12
Calculate the remainder when 536815 is divided by 84.
55
Calculate the remainder when 13178 is divided by 418.
220
Calculate the remainder when 10383809 is divided by 16074.
5
Calculate the remainder when 824279 is divided by 201.
179
Calculate the remainder when 10468825 is divided by 2992.
2809
Calculate the remainder when 2894997 is divided by 13341.
0
What is the remainder when 1797042 is divided by 1797031?
11
Calculate the remainder when 1649925 is divided by 17741.
12
Calculate the remainder when 159667 is divided by 515.
17
What is the remainder when 1681016 is divided by 142?
20
Calculate the remainder when 61519 is divided by 2605.
1604
Calculate the remainder when 66339398 is divided by 33169693.
12
What is the remainder when 212326 is divided by 8844?
70
What is the remainder when 68136 is divided by 283?
216
Calculate the remainder when 102112377 is divided by 27.
24
Calculate the remainder when 157197 is divided by 31425.
72
What is the remainder when 3327320 is divided by 1663658?
4
What is the remainder when 4004358 is divided by 1915?
93
Calculate the remainder when 2267725 is divided by 19217.
119
Calculate the remainder when 17844 is divided by 83.
82
What is the remainder when 1254937 is divided by 8898?
319
What is the remainder when 13118912 is divided by 1046?
1026
Calculate the remainder when 688889 is divided by 38234.
677
What is the remainder when 1562273 is divided by 835?
823
What is the remainder when 135686 is divided by 4101?
353
What is the remainder when 18677209 is divided by 21?
19
Calculate the remainder when 2186505 is divided by 2387.
13
Calculate the remainder when 87841 is divided by 87190.
651
What is the remainder when 515642267 is divided by 464?
459
Calculate the remainder when 116765792 is divided by 783663.
5
Calculate the remainder when 374715263 is divided by 10032.
10031
Calculate the remainder when 67143 is divided by 452.
247
What is the remainder when 247144740 is divided by 28?
24
Calculate the remainder when 662118 is divided by 220688.
54
What is the remainder when 786615 is divided by 23746?
2997
What is the remainder when 12854605 is divided by 103?
102
What is the remainder when 1819261 is divided by 95?
11
Calculate the remainder when 429813 is divided by 71629.
39
Calculate the remainder when 911019 is divided by 303384.
867
What is the remainder when 7378911 is divided by 13?
7
What is the remainder when 157795 is divided by 9150?
2245
Calculate the remainder when 151471 is divided by 604.
471
What is the remainder when 3908523 is divided by 8424?
8211
What is the remainder when 15684401 is divided by 57?
53
Calculate the remainder when 992047 is divided by 21561.
241
What is the remainder when 1353558 is divided by 338387?
10
Calculate the remainder when 365521 is divided by 26105.
51
What is the remainder when 89200 is divided by 800?
400
Calculate the remainder when 2115741 is divided by 720.
381
What is the remainder when 107307004 is divided by 117?
103
What is the remainder when 2834416 is divided by 72?
64
Calculate the remainder when 12369721 is divided by 2721.
55
Calculate the remainder when 45886 is divided by 7323.
1948
What is the remainder when 945072 is divided by 947?
913
Calculate the remainder when 59535 is divided by 5411.
14
What is the remainder when 23053820 is divided by 361?
360
What is the remainder when 1361683 is divided by 2467?
2366
What is the remainder when 37018 is divided by 4892?
2774
What is the remainder when 357429685 is divided by 14?
11
Calculate the remainder when 52554 is divided by 3640.
1594
Calculate the remainder when 11764841 is divided by 197.
1
Calculate the remainder when 694552 is divided by 173.
130
What is the remainder when 3469525 is divided by 1156304?
613
Calculate the remainder when 438155 is divided by 7313.
6688
Calculate the remainder when 15838894 is divided by 1210.
1204
Calculate the remainder when 50599 is divided by 112.
87
Calculate the remainder when 1095037 is divided by 13686.
157
Calculate the remainder when 7287227 is divided by 208206.
17
What is the remainder when 37503870 is divided by 414?
24
Calculate the remainder when 6154 is divided by 15.
4
What is the remainder when 3440901 is divided by 531?
21
What is the remainder when 3183502 is divided by 454784?
14
What is the remainder when 825807 is divided by 110?
37
Calculate the remainder when 1205085 is divided by 48.
45
What is the remainder when 392925 is divided by 20677?
62
Calculate the remainder when 503245 is divided by 590.
565
Calculate the remainder when 418567 is divided by 83712.
7
Calculate the remainder when 708611 is divided by 474.
455
What is the remainder when 10289601 is divided by 3429437?
1290
What is the remainder when 714460 is divided by 47393?
3565
Calculate the remainder when 1051160 is divided by 32835.
440
Calculate the remainder when 24086387 is divided by 300.
287
What is the remainder when 4435537 is divided by 158412?
1
Calculate the remainder when 80395943 is divided by 813.
812
What is the remainder when 457234 is divided by 276?
178
Calculate the remainder when 5597782 is divided by 2798888.
6
Calculate the remainder when 25105955 is divided by 95.
20
What is the remainder when 28365 is divided by 3142?
87
What is the remainder when 197677977 is divided by 64202?
19
Calculate the remainder when 1636507 is divided by 688.
443
Calculate the remainder when 28381423 is divided by 107.
101
Calculate the remainder when 30561635 is divided by 14.
13
Calculate the remainder when 228429 is divided by 38063.
51
What is the remainder when 405308 is divided by 775?
758
What is the remainder when 5516280 is divided by 9?
0
Calculate the remainder when 98447 is divided by 4091.
263
What is the remainder when 2410891 is divided by 2247?
2107
Calculate the remainder when 432095 is divided by 162.
41
What is the remainder when 2101740 is divided by 5742?
168
Calculate the remainder when 1096362 is divided by 68522.
10
What is the remainder when 38629 is divided by 4446?
3061
Calculate the remainder when 4103876 is divided by 10.
6
What is the remainder when 7459849 is divided by 1515?
1504
What is the remainder when 39828731 is divided by 7?
5
Calculate the remainder when 14404933 is divided by 182.
179
Calculate the remainder when 146939 is divided by 1149.
1016
Calculate the remainder when 213475 is divided by 643.
642
What is the remainder when 1677434 is divided by 94?
4
Calculate the remainder when 71371 is divided by 35665.
41
Calculate the remainder when 398179 is divided by 133.
110
What is the remainder when 1218271 is divided by 5?
1
Calculate the remainder when 226799 is divided by 17446.
1
Calculate the remainder when 3485369 is divided by 3374.
27
What is the remainder when 9084 is divided by 59?
57
Calculate the remainder when 33094637 is divided by 2363902.
9
What is the remainder when 3753890 is divided by 1664?
1570
What is the remainder when 7367 is divided by 716?
207
What is the remainder when 213606 is divided by 1575?
981
Calculate the remainder when 512662487 is divided by 3659.
3656
Calculate the remainder when 144682 is divided by 18065.
162
Calculate the remainder when 7677587 is divided by 6.
5
Calculate the remainder when 5221963 i